n factor of 105 and 1072095?
15
Calculate the greatest common factor of 22797 and 894.
447
What is the highest common factor of 1765 and 25?
5
Calculate the highest common factor of 14732250 and 975.
975
Calculate the highest common divisor of 86 and 317082.
86
What is the greatest common divisor of 640 and 761920?
320
Calculate the greatest common factor of 33594 and 14.
2
What is the highest common divisor of 9555 and 37440?
195
What is the greatest common divisor of 80 and 35?
5
What is the greatest common factor of 1157874 and 6?
6
What is the highest common factor of 104 and 15574?
26
What is the greatest common divisor of 26877 and 27?
3
What is the highest common divisor of 137 and 43429?
137
Calculate the highest common factor of 2513964 and 96.
12
What is the highest common divisor of 2336 and 384?
32
Calculate the greatest common divisor of 96 and 383184.
48
Calculate the highest common divisor of 8432 and 372.
124
Calculate the greatest common divisor of 11 and 2708750.
11
Calculate the greatest common factor of 55 and 799755.
55
What is the highest common divisor of 7401656 and 8?
8
What is the highest common factor of 34 and 28186?
34
What is the greatest common divisor of 441392 and 10192?
784
Calculate the greatest common divisor of 26164 and 1674.
62
What is the highest common divisor of 3700 and 874680?
740
What is the highest common divisor of 82840 and 72?
8
Calculate the greatest common factor of 34860 and 5478.
498
Calculate the highest common factor of 73297 and 28.
7
What is the greatest common divisor of 122 and 11651?
61
What is the highest common factor of 101 and 2779419?
101
Calculate the highest common divisor of 56 and 1015196.
28
What is the greatest common divisor of 53 and 959?
1
Calculate the highest common factor of 142830 and 243.
27
What is the greatest common factor of 13034 and 3116?
38
What is the highest common divisor of 16 and 2820896?
16
Calculate the greatest common factor of 1248 and 6488.
8
Calculate the greatest common factor of 48 and 7066608.
48
Calculate the greatest common divisor of 13624 and 23296.
104
What is the greatest common factor of 94976 and 32?
32
What is the greatest common factor of 36975 and 261?
87
What is the greatest common divisor of 24 and 38336?
8
Calculate the highest common factor of 132 and 147268.
44
What is the greatest common factor of 138325 and 1006?
503
What is the highest common factor of 8748 and 1062?
18
Calculate the highest common factor of 4075 and 75.
25
Calculate the highest common divisor of 828987 and 411.
411
Calculate the highest common divisor of 14085 and 18855.
45
Calculate the highest common divisor of 182 and 359996.
182
Calculate the greatest common divisor of 285 and 297920.
95
What is the highest common divisor of 3570 and 8598345?
1785
Calculate the greatest common divisor of 264660 and 110.
110
Calculate the greatest common factor of 290480 and 240.
80
What is the highest common factor of 124474 and 56?
14
Calculate the greatest common divisor of 360 and 163520.
40
What is the highest common factor of 54292 and 980?
196
Calculate the greatest common factor of 576 and 704448.
576
What is the highest common divisor of 9698 and 4?
2
Calculate the highest common factor of 18036 and 40.
4
Calculate the greatest common factor of 146888 and 2064.
344
What is the greatest common factor of 273152 and 1164?
388
Calculate the greatest common divisor of 455 and 11245.
65
Calculate the highest common divisor of 21078 and 171.
9
What is the greatest common factor of 1150 and 119470?
10
What is the highest common divisor of 14880 and 15?
15
What is the greatest common factor of 159 and 18391?
53
Calculate the highest common divisor of 175 and 3647.
7
Calculate the highest common factor of 1065 and 570.
15
What is the highest common factor of 168 and 116536?
56
What is the highest common factor of 2 and 670646?
2
What is the greatest common divisor of 2922752 and 256?
256
What is the greatest common divisor of 18975 and 66?
33
Calculate the greatest common factor of 33902 and 198.
22
What is the highest common divisor of 17400 and 637800?
600
Calculate the highest common factor of 12273903 and 499.
499
What is the greatest common factor of 1115104 and 64?
32
What is the highest common factor of 12 and 418524?
12
What is the highest common divisor of 5431772 and 69?
23
Calculate the greatest common factor of 1501 and 109889.
79
Calculate the highest common divisor of 110 and 11350.
10
Calculate the greatest common factor of 43011 and 6903.
531
Calculate the greatest common divisor of 2587 and 1079.
13
Calculate the greatest common divisor of 2460875 and 175.
25
What is the highest common divisor of 505 and 132815?
505
What is the highest common divisor of 60579 and 171?
9
Calculate the greatest common divisor of 83426 and 5050.
202
Calculate the greatest common factor of 2 and 48752.
2
What is the greatest common divisor of 27 and 8937?
27
Calculate the greatest common divisor of 165 and 41025.
15
What is the greatest common factor of 159 and 5932767?
159
What is the highest common divisor of 234 and 572?
26
Calculate the highest common divisor of 436300 and 100.
100
Calculate the greatest common factor of 101952 and 42.
6
Calculate the greatest common factor of 269638 and 62.
62
What is the highest common factor of 2188 and 188?
4
What is the highest common factor of 13710 and 960?
30
What is the highest common factor of 14909 and 51?
17
What is the greatest common factor of 713 and 10672?
23
Calculate the highest common divisor of 53206 and 2516.
74
What is the highest common divisor of 319517 and 682?
341
What is the highest common factor of 65472 and 272?
16
What is the greatest common factor of 2106 and 13962?
78
Calculate the highest common factor of 906 and 213.
3
Calculate the highest common factor of 221 and 91039.
13
What is the greatest common divisor of 111 and 3453?
3
Calculate the highest common divisor of 935 and 3245.
55
What is the highest common factor of 9338 and 36294?
46
Calculate the highest common factor of 140 and 10120670.
70
What is the greatest common divisor of 168651 and 84?
21
Calculate the highest common factor of 648355 and 5.
5
Calculate the greatest common factor of 287 and 106231.
41
What is the greatest common divisor of 1988 and 14196?
28
Calculate the highest common factor of 49 and 1584786.
7
What is the highest common factor of 1472 and 190072?
184
Calculate the greatest common divisor of 247 and 16796.
247
Calculate the greatest common divisor of 99415 and 236.
59
What is the greatest common factor of 3801 and 2268654?
543
What is the highest common factor of 1022 and 735?
7
Calculate the highest common divisor of 361513 and 1007.
1007
What is the greatest common divisor of 1113 and 30072?
21
What is the highest common divisor of 6755 and 315?
35
Calculate the highest common divisor of 126 and 311598.
126
Calculate the highest common divisor of 171339 and 1791.
597
What is the highest common factor of 136 and 18479?
17
What is the greatest common factor of 7000 and 434?
14
Calculate the highest common factor of 345 and 26105.
115
What is the greatest common factor of 2863 and 303069?
409
What is the highest common factor of 342 and 223402?
38
What is the highest common factor of 723471 and 42?
21
What is the greatest common factor of 1499911 and 4606?
329
What is the greatest common divisor of 94 and 11421?
47
Calculate the highest common divisor of 17485 and 65.
65
Calculate the greatest common divisor of 1102 and 5075.
29
What is the highest common divisor of 9 and 149922?
9
Calculate the highest common factor of 48945 and 90.
15
What is the greatest common divisor of 188 and 604?
4
Calculate the greatest common divisor of 10106 and 4564.
326
Calculate the highest common factor of 75 and 239725.
25
What is the greatest common factor of 2797683 and 42?
21
Calculate the highest common factor of 1719 and 1053365.
191
Calculate the greatest common divisor of 298 and 539678.
298
Calculate the highest common divisor of 5841 and 576.
9
Calculate the greatest common factor of 564 and 386058.
282
Calculate the greatest common divisor of 545631 and 93.
93
What is the highest common factor of 263 and 27?
1
Calculate the hi